 = x**2 + 22*x + 95. What is f(-6)?
-1
Let x(j) = j**2 + j - 38. Determine x(-6).
-8
Let s(g) = -6*g + 1. What is s(-2)?
13
Let o(m) = m**3 - 2*m**2 - 5*m - 11. Give o(-5).
-161
Let q(z) = z**2 - 9*z - 20. Calculate q(11).
2
Let g(a) = -a**3 - 7*a**2 + 20*a + 17. Determine g(-9).
-1
Let f(l) = -6*l**2 + 2*l - 1. Determine f(2).
-21
Let n(z) = 4*z**2 + 9*z - 25. Give n(4).
75
Let r(t) = 3*t + 11. Calculate r(-3).
2
Let o(a) = 5*a**3 - 2*a**2 + 3*a - 5. Determine o(2).
33
Let q(i) = i**3 - 3*i**2 - 5*i - 2. Calculate q(5).
23
Let m(n) = n**3 + 4*n**2 - 5*n - 4. Determine m(-5).
-4
Let s(i) = 12*i - 41. Determine s(8).
55
Let b(k) = -k**3 + 13*k**2 + 14*k - 5. Calculate b(14).
-5
Let w(v) = -v**2 - 6*v + 2. Determine w(-5).
7
Let b(n) = 2*n**3 - 12*n**2 - 15*n + 9. Determine b(7).
2
Let q(b) = -2*b - 11. Calculate q(5).
-21
Let f(l) = -l**2 - 101*l - 1363. Determine f(-85).
-3
Let k(m) = m**3 + 9*m**2 - 6*m - 10. Calculate k(-9).
44
Let m(k) = k**3 + 3*k - 10. Calculate m(2).
4
Let d(t) = t**3 + 4*t**2 - 11*t - 28. Give d(-4).
16
Let h(o) = 5*o**2 - 4. Calculate h(1).
1
Let k(m) = m**3 + 5*m**2 + 4*m + 18. What is k(-5)?
-2
Let r(l) = l + 8. What is r(-10)?
-2
Let k(b) = -b**3 + 10*b**2 - 3*b + 23. Calculate k(10).
-7
Let f(s) = s**3 + 10*s**2 + 18*s + 22. What is f(-8)?
6
Let a(n) = -13*n - 1. What is a(-1)?
12
Let i(u) = u**2 + 26*u - 45. Determine i(-22).
-133
Let g(s) = 52*s - 557. Calculate g(11).
15
Let z(c) = -c**3 + 17*c**2 - 32*c + 34. Determine z(15).
4
Let g(t) = -2*t**2 + 19*t - 10. Determine g(13).
-101
Let d(x) = -x + 10. What is d(4)?
6
Let r(p) = 7*p + 17. What is r(3)?
38
Let c(a) = a**2 + 6*a + 2. What is c(-6)?
2
Let b(w) = w**3 - 4*w**2 - 11*w - 10. What is b(-4)?
-94
Let x(v) = v**3 - 2*v**2 - 10*v - 11. Determine x(5).
14
Let t(c) = c**2 - 7*c + 3. Determine t(3).
-9
Let z(q) = q**2 - q. Determine z(1).
0
Let w(x) = x + 2. Calculate w(-6).
-4
Let a(w) = -w**3 + 12*w**2 + 12*w + 6. Give a(13).
-7
Let s(u) = 6*u + 205. Calculate s(-34).
1
Let d(c) = -c**3 + 2*c**2 - 3. Give d(3).
-12
Let q(y) = -y**2 + 9*y - 6. Give q(5).
14
Let v(t) = -t**2 - t + 17. What is v(8)?
-55
Let j(y) = -31*y - 276. What is j(-9)?
3
Let a(r) = -r**3 - 27*r**2 - 26*r - 1. Calculate a(-26).
-1
Let r(q) = q**3 + 16*q**2 - 18*q - 4. Give r(-17).
13
Let j(u) = u**3 - 3*u**2 - 4*u. Calculate j(4).
0
Let z(p) = -3*p + 75. Determine z(22).
9
Let i(b) = b**2 + 5*b + 2. Give i(-7).
16
Let r(u) = -u**2 + 7. Determine r(0).
7
Let k(x) = x**3 - 11*x**2 - 2*x - 26. What is k(11)?
-48
Let a(b) = 17*b**3 - b**2 + b - 1. Calculate a(1).
16
Let m(l) = 5*l**2 - 4*l + 4. Calculate m(2).
16
Let j(x) = -x**3 + 7*x**2 - 8*x - 7. Give j(6).
-19
Let c(s) = -s**2 - 6*s + 8. What is c(-7)?
1
Let q(k) = k**3 - 7*k**2 + 3*k - 7. Determine q(7).
14
Let q(h) = -h**3 - 7*h**2 - 10*h + 10. Calculate q(-5).
10
Let w(c) = c**3 - 12*c**2 - 2*c + 20. Calculate w(12).
-4
Let z(o) = -o**3 - 4*o**2 + 5*o + 10. Determine z(-5).
10
Let r(k) = k**2 + 4*k + 4. What is r(-4)?
4
Let l(v) = v**2 + 8*v + 8. Give l(-3).
-7
Let a(o) = 6*o + 3. Calculate a(1).
9
Let o(m) = 3*m**2 - 4*m + 4. Determine o(4).
36
Let q(d) = 2*d - 4. Calculate q(5).
6
Let b(a) = a**3 + 14*a**2 + 24*a + 12. Calculate b(-10).
172
Let j(p) = 3*p**2 - 10*p + 11. Calculate j(3).
8
Let y(r) = r**2 + 50*r + 403. Give y(-40).
3
Let r(t) = -2*t**3 - 8*t**2 - 2*t - 3. Determine r(-4).
5
Let t(j) = j**2 - 29*j - 10. Calculate t(28).
-38
Let j(o) = -23*o - 30. Determine j(-7).
131
Let g(u) = 6*u + 1. Calculate g(1).
7
Let n(i) = 2*i**2 + 20*i + 1. Give n(-10).
1
Let d(f) = f**3 - 12*f**2 + 7*f - 3. Give d(11).
-47
Let b(l) = l**2 + 12*l + 15. Determine b(-10).
-5
Let p(f) = -2*f**2 + 15*f - 5. Give p(4).
23
Let k(p) = -20*p + 297. Determine k(15).
-3
Let l(a) = -3*a**2 - 33*a - 65. What is l(-9)?
-11
Let b(h) = 8*h - 57. Determine b(24).
135
Let g(x) = x**3 - 6*x**2 - 6*x + 13. Calculate g(6).
-23
Let t(m) = -2*m**2 - 6*m + 15. Give t(-5).
-5
Let k(n) = -18*n - 7. Give k(2).
-43
Let o(b) = 8*b - 15. Give o(-10).
-95
Let x(c) = 5*c - 33. Give x(17).
52
Let b(p) = p**3 - 7*p**2 - 7*p - 10. Give b(8).
-2
Let g(i) = i**2 - 8*i + 16. Determine g(7).
9
Let m(d) = d**3 - 8*d**2 + 5*d - 1. Give m(7).
-15
Let t(c) = -c**3 - 3*c**2 + 3*c + 1. Give t(-3).
-8
Let h(m) = -3*m**2 - 3*m + 16. What is h(-6)?
-74
Let p(v) = -v**3 - 2*v**2 - 5*v - 5. Give p(-3).
19
Let v(a) = -11*a - 1. Calculate v(-1).
10
Let y(f) = f**2 + 13*f - 3. Calculate y(-11).
-25
Let d(w) = -3*w + 2. Calculate d(-3).
11
Let y(l) = l**2 + 14. Calculate y(0).
14
Let d(a) = 5*a - 112. Calculate d(25).
13
Let w(d) = -d**3 + 6*d**2 - 6*d - 4. Give w(5).
-9
Let b(d) = d**2 + 2*d - 8. What is b(-4)?
0
Let b(h) = 3*h - 3. Calculate b(-1).
-6
Let x(z) = z**3 - 24*z**2 + 22*z + 28. Determine x(23).
5
Let n(j) = 14*j - 92. What is n(7)?
6
Let n(r) = 8*r**3 - r**2 + 2. Give n(-1).
-7
Let r(z) = -z - 17. Determine r(-12).
-5
Let a(d) = d - 7. What is a(-21)?
-28
Let u(a) = 6*a + 4. What is u(-8)?
-44
Let p(k) = 5*k + 31. Calculate p(-8).
-9
Let x(q) = q**3 + 15*q**2 + 11*q - 29. Calculate x(-14).
13
Let s(j) = -j**2 + 29*j - 164. Give s(7).
-10
Let i(h) = -h**3 + 14*h**2 - 15*h + 28. Give i(13).
2
Let w(f) = -20*f + 79. What is w(4)?
-1
Let m(z) = 8*z + 32. Determine m(-10).
-48
Let r(t) = t**2 - 6*t + 6. Give r(8).
22
Let i(j) = -6*j - 41. Give i(-5).
-11
Let s(z) = 2*z + 5. Calculate s(2).
9
Let q(y) = 3*y + 34. Give q(-16).
-14
Let a(j) = j**2 + 15*j + 14. Give a(-13).
-12
Let o(m) = m - 21. What is o(13)?
-8
Let h(i) = i**2 - 10*i - 5. Determine h(9).
-14
Let k(h) = 2*h**3 + 3*h**2 + 2*h + 3. Determine k(-2).
-5
Let w(i) = -17*i + 36. What is w(2)?
2
Let w(l) = -l**3 - 11*l**2 - 11*l. Give w(-10).
10
Let l(f) = f**3 - 2*f**2 - 11*f + 3. Determine l(4).
-9
Let t(u) = -13*u + 216. Give t(19).
-31
Let t(w) = -w**2 + w - 48. Calculate t(0).
-48
Let p(n) = -n**3 + 6*n**2 - 7. What is p(6)?
-7
Let v(o) = -10*o - 12. Determine v(-3).
18
Let s(o) = o**2 + 22*o + 19. Calculate s(-9).
-98
Let y(w) = 9*w + 1. Calculate y(5).
46
Let k(y) = y**2 - 13*y + 7. What is k(13)?
7
Let c(y) = -y**3 - 9*y**2 - 10*y - 5. What is c(-6)?
-53
Let o(b) = 29*b - 51. Give o(2).
7
Let f(n) = n**2 - 167*n + 1278. Give f(8).
6
Let a(h) = -h**2 + 4*h + 27. What is a(11)?
-50
Let s(l) = -3*l**3 - 9*l**2 + 13*l + 34. Give s(-4).
30
Let r(y) = -2*y**3 - 9*y**2 - 5*y + 4. Give r(-3).
-8
Let h(o) = o**2 - 11*o - 23. Calculate h(13).
3
Let f(u) = -u**2 - 11*u - 10. Give f(-10).
0
Let j(i) = 10*i - 10. Calculate j(2).
10
Let n(h) = 23*h - 4. What is n(-2)?
-50
Let x(o) = 39*o - 9. Give x(1).
30
Let s(b) = b**3 - 11*b**2 + 8*b - 15. Calculate s(11).
73
Let k(g) = -g**2 - 3*g - 4. What is k(4)?
-32
Let q(s) = -s**3 + 3*s - 32. Calculate q(0).
-32
Let v(d) = -d**3 + 6*d + 4. Calculate v(-4).
44
Let y(h) = -h**3 + 5*h**2 + 5*h + 4. Give y(6).
-2
Let o(n) = -n**3 + 7*n**2 + 12*n - 14. Give o(9).
-68
Let u(p) = p**2 + 7*p. Determine u(-10).
30
Let y(w) = 6*w - 4. Determine y(-2).
-16
Let m(p) = 9*p**2 + p + 1. Determine m(-1).
9
Let l(w) = -2*w**2 - 8*w - 3. Give l(-5).
-13
Let v(d) = d**3 - 35*d**2 + 124*d - 6. Calculate v(31).
-6
Let s(a) = a**2 + 16*a - 24. Determine s(-17).
-7
Let l(b) = 2*b**2 + 17*b - 32. Give l(-13).
85
Let f(l) = -l**2 + 36*l - 65. Calculate f(28).
159
Let w(r) = r**3 + 53*r**2 + 11*r + 580. Calculate w(-53).
-3
Let p(w) = -w**3 + 47*w**2 + 46*w + 94. Calculate p(48).
-2
Let j(b) = -5*b**3 - b**2 - 2*b - 1. Give j(-1).
5
Let o(l) = 4*l**3 + 6*l**2 + 7*l. Calculate o(-2).
-22
Let f(v) = v**3 + 3*v**2 - v - 1. What is f(1)?
2
Let h(f) = -f**2 - 8*f + 5. Calculate h(-7).
12
Let z(p) = p**2 + 12*p - 12. Determine z(-8).
-44
Let p(f) = -f**2 - 8*f - 21. Calculate p(-5).
-6
Let y(o) = 2*o**3 - 10*o**2 - 4*o + 14. What is y(5)?
-6
Let p(g) = g**2 - 5*g - 4. Give p(5).
-4
Let c(s) = -2*s**2 + 6*s - 4. Determine c(4).
-12
Let j(b) = b**2 + 10*b - 61. Give j(-15).
14
Let n(p) = 6*p. Give n(-5).
-30
Let s(i) = i**2 + 16*i + 22. Give s(-15).
7
Let j(n) = -n**3 - 5*n**2 + 6*n - 5. Give j(-6).
-5
Let w(j) = j**3 - 8*j**2 + 6*j + 2. What is w(2)?
-10
Let g(h) = 2*h - 23. Give g(10).
-3
Let m(s) = -s**3 - 40*s**2 - 39*s + 2. Determine m(-39).
2
Let a(q) = q**3 - 26*q**2 + 49*q - 25. Determine a(24).
-1
Let g(n) = -n